{"id":863,"date":"2024-06-11T16:43:22","date_gmt":"2024-06-11T13:43:22","guid":{"rendered":"https:\/\/ciioder.org.tr\/?page_id=863"},"modified":"2024-06-11T17:33:19","modified_gmt":"2024-06-11T14:33:19","slug":"bahar-hoca","status":"publish","type":"page","link":"https:\/\/ciioder.org.tr\/?page_id=863","title":{"rendered":"Bahar Hoca"},"content":{"rendered":"\t\t<div data-elementor-type=\"wp-page\" data-elementor-id=\"863\" class=\"elementor elementor-863\">\n\t\t\t\t<div class=\"elementor-element elementor-element-c740b10 e-flex e-con-boxed e-con e-parent\" data-id=\"c740b10\" data-element_type=\"container\">\n\t\t\t\t\t<div class=\"e-con-inner\">\n\t\t<div class=\"elementor-element elementor-element-68dbf23 e-con-full e-flex e-con e-child\" data-id=\"68dbf23\" data-element_type=\"container\">\n\t\t\t\t<div class=\"elementor-element elementor-element-b1430aa elementor-widget elementor-widget-image\" data-id=\"b1430aa\" data-element_type=\"widget\" data-widget_type=\"image.default\">\n\t\t\t\t<div class=\"elementor-widget-container\">\n\t\t\t\t\t\t\t\t\t\t\t\t\t<img fetchpriority=\"high\" decoding=\"async\" width=\"724\" height=\"1024\" src=\"https:\/\/ciioder.org.tr\/wp-content\/uploads\/2024\/06\/WhatsApp-Image-2024-05-27-at-21.11.05-724x1024.jpeg\" class=\"attachment-large size-large wp-image-822\" alt=\"\" srcset=\"https:\/\/ciioder.org.tr\/wp-content\/uploads\/2024\/06\/WhatsApp-Image-2024-05-27-at-21.11.05-724x1024.jpeg 724w, https:\/\/ciioder.org.tr\/wp-content\/uploads\/2024\/06\/WhatsApp-Image-2024-05-27-at-21.11.05-212x300.jpeg 212w, https:\/\/ciioder.org.tr\/wp-content\/uploads\/2024\/06\/WhatsApp-Image-2024-05-27-at-21.11.05-768x1086.jpeg 768w, https:\/\/ciioder.org.tr\/wp-content\/uploads\/2024\/06\/WhatsApp-Image-2024-05-27-at-21.11.05-1086x1536.jpeg 1086w, https:\/\/ciioder.org.tr\/wp-content\/uploads\/2024\/06\/WhatsApp-Image-2024-05-27-at-21.11.05.jpeg 1131w\" sizes=\"(max-width: 724px) 100vw, 724px\" \/>\t\t\t\t\t\t\t\t\t\t\t\t\t<\/div>\n\t\t\t\t<\/div>\n\t\t\t\t<\/div>\n\t\t<div class=\"elementor-element elementor-element-62f6119 e-con-full e-grid e-con e-child\" data-id=\"62f6119\" data-element_type=\"container\">\n\t\t\t\t<div class=\"elementor-element elementor-element-a277251 elementor-widget elementor-widget-text-editor\" data-id=\"a277251\" data-element_type=\"widget\" data-widget_type=\"text-editor.default\">\n\t\t\t\t<div class=\"elementor-widget-container\">\n\t\t\t\t\t\t\t<p>\u0130LK DUYURU<br \/>Say\u0131n hocalar\u0131m, de\u011ferli \u00e7ocuk dostlar\u0131,<br \/>\u00c7ocuk istismar\u0131n\u0131 ve \u0130hmalini \u00d6nleme Derne\u011fi olarak \u201c\u00c7OCUKLARIN \u0130HMAL VE \u0130ST\u0130SMARDAN KORUNMASI\u201d ba\u015fl\u0131kl\u0131 \u00e7ok yazarl\u0131 (derleme) bir kitap yay\u0131na haz\u0131rl\u0131yoruz. Kitap \u00f6nceki ba\u015fkanlar\u0131m\u0131zdan \u201cProf. Dr. Bahar G\u00d6KLER\u2019e Arma\u011fan\u201d olarak \u00e7\u0131kar\u0131lacakt\u0131r. \u00c7ocuk koruma alan\u0131nda \u00e7al\u0131\u015fan akademisyen ve profesyonellerin de\u011ferli katk\u0131lar\u0131yla \u00e7\u0131kar\u0131lacak olan, multidisipliner \u00f6zellikteki bu kitapta, konular\u0131n g\u00fcncel yakla\u015f\u0131mlar\u0131 yans\u0131tmas\u0131 ama\u00e7lanmaktad\u0131r. Sizlerden kitapta yer almas\u0131n\u0131 ve katk\u0131 sunmay\u0131 diledi\u011finiz konu ba\u015fl\u0131\u011f\u0131n\u0131z\u0131 ve 200 s\u00f6zc\u00fc\u011f\u00fc ge\u00e7meyen bir \u00f6zeti 31 Mart 2024 ak\u015fam\u0131na kadar a\u015fa\u011f\u0131da verilen e postaya g\u00f6ndermenizi rica ediyoruz. Edit\u00f6rler Kurulunun \u00f6n de\u011ferlendirmesi sonras\u0131nda yazarlar\u0131m\u0131za kapsaml\u0131 bir yaz\u0131m k\u0131lavuzu iletilecektir. Kat\u0131l\u0131m\u0131n\u0131z ve katk\u0131lar\u0131n\u0131z i\u00e7in \u015fimdiden \u00e7ok te\u015fekk\u00fcr ederiz. 21. 02. 2024<\/p><p><a href=\"mailto:ciioderyayin@gmail.com\" target=\"_blank\" rel=\"noopener\">ciioderyayin@gmail.com<\/a><\/p>\t\t\t\t\t\t<\/div>\n\t\t\t\t<\/div>\n\t\t\t\t<div class=\"elementor-element elementor-element-67292e7 elementor-widget__width-initial elementor-widget elementor-widget-text-editor\" data-id=\"67292e7\" data-element_type=\"widget\" data-widget_type=\"text-editor.default\">\n\t\t\t\t<div class=\"elementor-widget-container\">\n\t\t\t\t\t\t\t<p>Kitab\u0131n yay\u0131n s\u00fcrecine dair \u00f6ng\u00f6r\u00fclen takvim:<br \/>1. Konu ba\u015fl\u0131\u011f\u0131 ve \u00f6zet g\u00f6nderimi : 31 Mart 2024<br \/>2. \u00d6n de\u011ferlendirme sonras\u0131nda yazarlara Yaz\u0131m K\u0131lavuzunun g\u00f6nderilmesi : 15 Nisan 2024<br \/>3. Tam metinlerin g\u00f6nderilmesi : 15 Eyl\u00fcl 2024<br \/>4. B\u00f6l\u00fcmlerin hakem de\u011ferlendirmesinden ge\u00e7irilmesi : 15 Eyl\u00fcl &#8211; 15 Ekim 2024<br \/>5. Son d\u00fczeltmelerin tamamlanmas\u0131 : 15 Ekim \u2013 15 Kas\u0131m 2024<br \/>6. Tasar\u0131m ve bas\u0131m : 15 Kas\u0131m \u2013 31 Aral\u0131k<\/p>\t\t\t\t\t\t<\/div>\n\t\t\t\t<\/div>\n\t\t\t\t<\/div>\n\t\t\t\t\t<\/div>\n\t\t\t\t<\/div>\n\t\t<div class=\"elementor-element elementor-element-66c5876 e-grid e-con-boxed e-con e-parent\" data-id=\"66c5876\" data-element_type=\"container\">\n\t\t\t\t\t<div class=\"e-con-inner\">\n\t\t\t\t\t<\/div>\n\t\t\t\t<\/div>\n\t\t\t\t<\/div>\n\t\t","protected":false},"excerpt":{"rendered":"<p>\u0130LK DUYURUSay\u0131n hocalar\u0131m, de\u011ferli \u00e7ocuk dostlar\u0131,\u00c7ocuk istismar\u0131n\u0131 ve \u0130hmalini \u00d6nleme Derne\u011fi olarak \u201c\u00c7OCUKLARIN \u0130HMAL VE \u0130ST\u0130SMARDAN KORUNMASI\u201d ba\u015fl\u0131kl\u0131 \u00e7ok yazarl\u0131 [&hellip;]<\/p>\n","protected":false},"author":1,"featured_media":0,"parent":0,"menu_order":0,"comment_status":"closed","ping_status":"closed","template":"","meta":{"site-sidebar-layout":"no-sidebar","site-content-layout":"","ast-site-content-layout":"full-width-container","site-content-style":"default","site-sidebar-style":"default","ast-global-header-display":"","ast-banner-title-visibility":"","ast-main-header-display":"","ast-hfb-above-header-display":"","ast-hfb-below-header-display":"","ast-hfb-mobile-header-display":"","site-post-title":"disabled","ast-breadcrumbs-content":"","ast-featured-img":"disabled","footer-sml-layout":"","theme-transparent-header-meta":"","adv-header-id-meta":"","stick-header-meta":"","header-above-stick-meta":"","header-main-stick-meta":"","header-below-stick-meta":"","astra-migrate-meta-layouts":"default","ast-page-background-enabled":"default","ast-page-background-meta":{"desktop":{"background-color":"var(--ast-global-color-4)","background-image":"","background-repeat":"repeat","background-position":"center center","background-size":"auto","background-attachment":"scroll","background-type":"","background-media":"","overlay-type":"","overlay-color":"","overlay-opacity":"","overlay-gradient":""},"tablet":{"background-color":"","background-image":"","background-repeat":"repeat","background-position":"center center","background-size":"auto","background-attachment":"scroll","background-type":"","background-media":"","overlay-type":"","overlay-color":"","overlay-opacity":"","overlay-gradient":""},"mobile":{"background-color":"","background-image":"","background-repeat":"repeat","background-position":"center center","background-size":"auto","background-attachment":"scroll","background-type":"","background-media":"","overlay-type":"","overlay-color":"","overlay-opacity":"","overlay-gradient":""}},"ast-content-background-meta":{"desktop":{"background-color":"var(--ast-global-color-5)","background-image":"","background-repeat":"repeat","background-position":"center center","background-size":"auto","background-attachment":"scroll","background-type":"","background-media":"","overlay-type":"","overlay-color":"","overlay-opacity":"","overlay-gradient":""},"tablet":{"background-color":"var(--ast-global-color-5)","background-image":"","background-repeat":"repeat","background-position":"center center","background-size":"auto","background-attachment":"scroll","background-type":"","background-media":"","overlay-type":"","overlay-color":"","overlay-opacity":"","overlay-gradient":""},"mobile":{"background-color":"var(--ast-global-color-5)","background-image":"","background-repeat":"repeat","background-position":"center center","background-size":"auto","background-attachment":"scroll","background-type":"","background-media":"","overlay-type":"","overlay-color":"","overlay-opacity":"","overlay-gradient":""}},"footnotes":""},"class_list":["post-863","page","type-page","status-publish","hentry"],"_links":{"self":[{"href":"https:\/\/ciioder.org.tr\/index.php?rest_route=\/wp\/v2\/pages\/863","targetHints":{"allow":["GET"]}}],"collection":[{"href":"https:\/\/ciioder.org.tr\/index.php?rest_route=\/wp\/v2\/pages"}],"about":[{"href":"https:\/\/ciioder.org.tr\/index.php?rest_route=\/wp\/v2\/types\/page"}],"author":[{"embeddable":true,"href":"https:\/\/ciioder.org.tr\/index.php?rest_route=\/wp\/v2\/users\/1"}],"replies":[{"embeddable":true,"href":"https:\/\/ciioder.org.tr\/index.php?rest_route=%2Fwp%2Fv2%2Fcomments&post=863"}],"version-history":[{"count":15,"href":"https:\/\/ciioder.org.tr\/index.php?rest_route=\/wp\/v2\/pages\/863\/revisions"}],"predecessor-version":[{"id":889,"href":"https:\/\/ciioder.org.tr\/index.php?rest_route=\/wp\/v2\/pages\/863\/revisions\/889"}],"wp:attachment":[{"href":"https:\/\/ciioder.org.tr\/index.php?rest_route=%2Fwp%2Fv2%2Fmedia&parent=863"}],"curies":[{"name":"wp","href":"https:\/\/api.w.org\/{rel}","templated":true}]}}